n g(7) is divided by o.
8
Let b(j) = j**2 - 5*j - 6. Let o be b(6). Suppose o = -5*w + 92 - 7. Let f(u) = 66*u**2 + u. Calculate the remainder when f(-1) is divided by w.
14
Let f(a) = -3*a + 4. Let k = -20 + 32. What is the remainder when f(-6) is divided by k?
10
Calculate the remainder when 60 is divided by (-579)/(-27) + 4/(-9).
18
Let j be 84/22 + (-6)/(-33). What is the remainder when j/14 - 708/(-21) is divided by 12?
10
Suppose -288 = -4*s + a, 183 + 97 = 4*s - 3*a. What is the remainder when s is divided by 37?
36
Let y(r) = -3*r**2 + 11*r - 2. What is the remainder when 27 is divided by y(3)?
3
Let a = -41 + 19. Let r be ((-14)/5)/(2/(120/4)). Let m = a - r. What is the remainder when 58 is divided by m?
18
Let y be (3/6)/((-1)/(-4)). Suppose 0 = -4*p + y*c + 34, 4*p + 0*c + 2*c = 38. Calculate the remainder when p is divided by 6.
3
Calculate the remainder when (4 + -3)*(-4 - -66) is divided by 17.
11
Let c(f) = f + 4. Let m be c(-4). Calculate the remainder when m + 35 + (-8)/(-4) is divided by 13.
11
Let v(r) = 3 + 4*r**2 - 2 + 0 - 2*r**2. What is the remainder when v(-3) is divided by 10?
9
Let y be 40/15*33/4. Suppose -2*u = 5*v - 86, 4*v - 51 = -3*u + y. Calculate the remainder when 28 is divided by v.
12
Suppose 8*u - 44 = 4*u. Suppose 0 = -r - b - 8, -5 = r - b - 1. Let p = r - -10. What is the remainder when u is divided by p?
3
Let z = 66 - 59. Calculate the remainder when 26 is divided by z.
5
What is the remainder when -2 - (-1 - 2) - -54 is divided by 28?
27
Suppose -16 = p + 3*p. Let z = -31 + 33. Calculate the remainder when z is divided by (-24)/(-30)*(-10)/p.
0
Let s = 5 + 2. Suppose -i - 4*h + 38 = i, 2*i + 5*h = 41. What is the remainder when i is divided by s?
6
Suppose w + 1 = 0, 5*m - 26 = -5*w + 24. Calculate the remainder when 42 is divided by m.
9
Let m(s) = 3*s**3 - 4*s**2 + 2*s + 7. Calculate the remainder when m(3) is divided by 20.
18
Let l(o) = o + 6. Let n be l(-5). Let s be -3*(2 - 2 - n). Suppose 0 = 5*j - 3*g - 112, -2*j + 5*j - 72 = s*g. What is the remainder when j is divided by 7?
6
Let z = -96 + 137. Suppose -2*b - z = -3*j - 6*b, -23 = -3*j + 5*b. Calculate the remainder when j is divided by 4.
3
Let t = -22 + 44. Suppose -4*i + 4*k + t = -10, -3*k + 80 = 5*i. What is the remainder when i is divided by 5?
3
Suppose 3 = 3*c - 18. Let i(n) = n + 3. Suppose 5*d - 2*d = -w - 4, 2*w + 8 = 3*d. What is the remainder when c is divided by i(d)?
1
Let u(k) be the third derivative of -k**4/24 + 2*k**3 + 23*k**2. Let y be (-2)/(-6) - 62/6. Calculate the remainder when 42 is divided by u(y).
20
Suppose 96 = 3*j - 3. Calculate the remainder when j is divided by 7.
5
Suppose -4*r - 5*x + 68 = 0, 0 = -4*r - 3*x + 2*x + 68. Let z = 6 + -4. What is the remainder when r/z - 1/(-2) is divided by 5?
4
Let x be 8*1/6*3. Suppose d = 2*s - 89, -x*s - 3*d - 179 = -8*s. Let f = s - 20. What is the remainder when f is divided by 13?
11
Suppose -5*b = -101 - 74. Let z(m) be the first derivative of -m**2 + 2*m - 1. Calculate the remainder when b is divided by z(-5).
11
Suppose -5*l + 18 = 3. What is the remainder when 76/l*6/4 is divided by (-20)/((1 - 0)/(-1))?
18
Let h(g) = -g**2 - g + 7. Let j be h(-7). Suppose 2*w = -3*p - w + 162, 2*w - 158 = -3*p. Let i = p + j. What is the remainder when i is divided by 9?
6
Suppose 0 = -4*k + 85 + 15. Let n(q) = q**3 - 6*q**2 + q - 7. Let r be n(6). What is the remainder when k is divided by -1 - -9 - (r - 0)?
7
Suppose 5*t - 5 = -15, 11 = k + t. Let v = 87 + -58. Let p = v - -9. Calculate the remainder when p is divided by k.
12
Let l = 12 - 1. Let t(n) = 4*n - 7. Let f be t(8). Suppose -p - 3 = -k + 20, f = k - 2*p. Calculate the remainder when k is divided by l.
10
Suppose 0 = a - 3, 7*n + 4*a = 2*n + 387. Calculate the remainder when n is divided by 17.
7
Let d = -1 - -19. Suppose -2 = -a + 1, 4*a = 2*x + 38. Let s = -3 - x. What is the remainder when d is divided by s?
8
Let j(y) = -4*y - 8. Let a(v) = 5*v + 8. Let z(c) = -3*a(c) - 4*j(c). Let l be z(-7). Let g = l + 9. What is the remainder when g is divided by 4?
2
Let l(g) = 24*g. Let v be l(3). Suppose 0 = -4*s + 5*s - 2*f - 28, 2*f = -4*s + v. What is the remainder when 59 is divided by s?
19
Suppose 0*p + 10 = 5*p. Suppose 2*h + 1 = 9. Let k = -2 + h. What is the remainder when p is divided by k?
0
Let t(x) = x**2 + 15*x + 18. Let d = 6 + -3. Calculate the remainder when 4/d*(-102)/(-4) is divided by t(-15).
16
Let w(k) be the first derivative of k**3 + 5*k**2/2 + 5*k + 4. Calculate the remainder when w(-3) is divided by 9.
8
Let y = -10 - -20. What is the remainder when y is divided by 5?
0
Let s = 0 + 3. Let l(j) = s*j - 2 + 2*j - j**3 - 2*j**2 - j. Calculate the remainder when l(-4) is divided by 8.
6
Suppose -3*c + 6*c + 4*s + 16 = 0, -12 = 2*c + 3*s. Suppose c = k - 6 - 7. Calculate the remainder when k is divided by 5.
3
Suppose 5*l + 5 = f, f = -3*f - 4*l + 20. Suppose f*v = -8 + 78. Let g(b) = -9*b + 4. What is the remainder when g(-4) is divided by v?
12
Suppose -5*l + 38 = 4*b, -l - 2*l + b + 16 = 0. Calculate the remainder when (6/(-4))/(6/(-64)) is divided by l.
4
Suppose 72 = 5*h - 78. Let o = 1 + h. What is the remainder when o is divided by (3 - -6) + (6 - 4)?
9
Suppose 0 = 4*c + 5*a - 95, -5*c - 3*a = -2*a - 124. Calculate the remainder when 197 is divided by c.
22
Let t = 45 + -16. Let y = -40 - -155. What is the remainder when y is divided by t?
28
Let m(q) = 11*q - q**2 - 3*q - 2 - 5 - 2. Calculate the remainder when 22 is divided by m(5).
4
Calculate the remainder when 27 is divided by (11 + 0)*10/10.
5
Let k(a) = -a**3 + 3*a**2 - 2. Let j be k(2). Suppose 0 = -j*n + 3*n - 104. Suppose o + n = 3*o. Calculate the remainder when o is divided by 18.
16
Suppose 5*g = -5, 2*h + 5*g = -2 + 13. Suppose 4*m = -2*b - 6, 0 = 2*b - 2*m - 0*m. Let r = 16 + b. Calculate the remainder when r is divided by h.
7
Let f(t) = 2*t**3 + t**2 + t - 2. Calculate the remainder when 36 is divided by f(2).
16
Suppose 8*r + 376 = 12*r. What is the remainder when r is divided by 19?
18
Let i be (28/12)/(1/21). Suppose 5*v - 1 = i. What is the remainder when 29 is divided by v?
9
Suppose 2*a - 3*l - 11 = 0, -4*a - l + 23 + 6 = 0. Calculate the remainder when (19/4)/(3/12) is divided by a.
5
Suppose -1 = d - 3*n + 4*n, -4*n = -4*d + 20. Suppose d*o = 3*o - 14. Suppose o = -5*l + 44. Calculate the remainder when 10 is divided by l.
4
What is the remainder when (56/70)/((-4)/(-230)) is divided by 12?
10
Let n(d) = 2*d + 11. Calculate the remainder when ((-7)/4)/(2/(-40)) is divided by n(4).
16
Let q = -378 - -544. Let b = q + -116. Calculate the remainder when b is divided by 13.
11
Let h(k) = k + 7. Let a be h(-4). Suppose 5*p = -2*t + 29 - 0, -5*p + 19 = -3*t. Suppose t*z - a*z + 18 = 0. What is the remainder when 53 is divided by z?
17
Let r(j) = -j**2 + 3*j + 7. Let y be r(6). Let k = 18 + y. Calculate the remainder when 20 is divided by k.
6
Suppose 8*u = 7*u + 2. Suppose 3*k + 139 = 2*p, p = u*p + 4*k - 86. Calculate the remainder when p is divided by 25.
24
Let k(r) = 2*r**3 - 3*r**2 + 1. Let h be k(2). Let w = 3 + -6. Let c = h + w. What is the remainder when 3 is divided by c?
1
Let t(q) = q**2 - 2*q - 4. Let r = -1 + 3. Suppose -2*w = 3*z + 1, -r*w = 3*z - w - 4. What is the remainder when t(5) is divided by z?
2
Let u(j) = 4*j**2 + 2*j - 1. Calculate the remainder when u(3) is divided by ((-3)/((-18)/(-33)))/(1/(-2)).
8
Let w = 11 - 8. Suppose -q + w*n = -31, -2*q - 5*n + 56 = 2*q. What is the remainder when q is divided by 10?
9
Let u = -10 + 15. Suppose -4*v + 84 = -z + u*z, 0 = -v - 2*z + 22. What is the remainder when v is divided by 7?
6
Suppose b = -4*y + 83, b = -3*y + 8 + 74. Calculate the remainder when b is divided by 27.
25
Let m(u) = 0*u - 3*u - u + 4. Suppose -30 = 3*i + 2*i. Calculate the remainder when m(i) is divided by 15.
13
Suppose 38 = 4*i - 242. Suppose 0 = -4*j + y + 10, 0 = -2*y - 0*y + 4. Suppose 2*g = -j*g + i. What is the remainder when 41 is divided by g?
13
Suppose -a + 8 = k, 0*a + 12 = 2*a + k. Suppose 0 = -a*g + 37 + 3. Calculate the remainder when 19 is divided by g.
9
What is the remainder when 24 is divided by 4 + (-6 + 7)/(1/(-2))?
0
Let w(g) = g**2 + 6*g. Let a be w(-6). Calculate 